s of 365609096.
2, 19, 1031, 2333
List the prime factors of 127300951.
127300951
What are the prime factors of 1062002583?
3, 233, 18757
What are the prime factors of 8496622?
2, 421, 10091
List the prime factors of 508954246.
2, 254477123
What are the prime factors of 731413544?
2, 109, 838777
What are the prime factors of 126434801?
173, 730837
List the prime factors of 138320861.
7, 227, 87049
List the prime factors of 5737365285.
3, 5, 73, 5239603
List the prime factors of 263851852.
2, 11, 5996633
What are the prime factors of 4175657072?
2, 43, 6069269
What are the prime factors of 289408744?
2, 36176093
List the prime factors of 649154343.
3, 311, 695771
What are the prime factors of 3475315165?
5, 7, 89, 557, 2003
What are the prime factors of 172317422?
2, 19, 4534669
What are the prime factors of 542065491?
3, 11, 5475409
What are the prime factors of 394698957?
3, 2437, 53987
What are the prime factors of 30700728?
2, 3, 89, 1597
List the prime factors of 220784302.
2, 79, 347, 4027
List the prime factors of 96161568.
2, 3, 1001683
What are the prime factors of 12511608?
2, 3, 521317
List the prime factors of 1455451105.
5, 8329, 34949
What are the prime factors of 586105155?
3, 5, 13024559
What are the prime factors of 93694677?
3, 467, 66877
What are the prime factors of 748980625?
5, 23, 52103
What are the prime factors of 14634883?
19, 31, 24847
What are the prime factors of 5102764708?
2, 433, 2946169
What are the prime factors of 142133807?
7841, 18127
List the prime factors of 1730625157.
12479, 138683
What are the prime factors of 2018804441?
2018804441
List the prime factors of 413699618.
2, 206849809
What are the prime factors of 409527882?
2, 3, 521, 43669
What are the prime factors of 1277624287?
1277624287
List the prime factors of 565699714.
2, 41, 6898777
What are the prime factors of 231733877?
1997, 116041
List the prime factors of 128144190.
2, 3, 5, 1493, 2861
List the prime factors of 14611363.
13, 1123951
What are the prime factors of 173975216?
2, 10873451
List the prime factors of 757976963.
41, 67, 275929
What are the prime factors of 122855062?
2, 11, 1277, 4373
What are the prime factors of 8756629?
7, 23, 137, 397
List the prime factors of 9783309.
3, 19, 171637
List the prime factors of 153107206.
2, 7, 19, 575591
List the prime factors of 196396448.
2, 23, 347, 769
What are the prime factors of 165557991?
3, 55185997
List the prime factors of 853046920.
2, 5, 11, 1938743
What are the prime factors of 366250651?
13, 43, 151, 4339
List the prime factors of 277421595.
3, 5, 11, 43, 61, 641
List the prime factors of 18986336.
2, 593323
List the prime factors of 476909643.
3, 7, 4523, 5021
List the prime factors of 30219935.
5, 37, 163351
List the prime factors of 500390514.
2, 3, 13, 712807
List the prime factors of 65865124.
2, 13, 419, 3023
What are the prime factors of 5442509?
5442509
List the prime factors of 567002650.
2, 5, 11340053
What are the prime factors of 7020848408?
2, 7, 125372293
List the prime factors of 12089399.
7, 1727057
What are the prime factors of 190406981?
199, 449, 2131
List the prime factors of 250865712.
2, 3, 479, 3637
What are the prime factors of 4940705036?
2, 17, 769, 94483
What are the prime factors of 15734669?
2851, 5519
List the prime factors of 1463261645.
5, 3547, 82507
What are the prime factors of 821905616?
2, 7, 67, 15647
What are the prime factors of 1387253539?
7, 198179077
List the prime factors of 2562054718.
2, 1281027359
What are the prime factors of 932584913?
13, 71737301
List the prime factors of 6198707195.
5, 17, 1871, 38977
What are the prime factors of 611988493?
611988493
List the prime factors of 113953161.
3, 7, 599, 9059
What are the prime factors of 2158145943?
3, 13781, 52201
What are the prime factors of 41941326?
2, 3, 7, 31, 32213
List the prime factors of 2411031650.
2, 5, 41, 1176113
What are the prime factors of 176593419?
3, 677, 9661
What are the prime factors of 662220939?
3, 220740313
List the prime factors of 252859856.
2, 15803741
List the prime factors of 7344368.
2, 459023
List the prime factors of 2047142591.
13, 127, 163, 7607
What are the prime factors of 91531190?
2, 5, 9153119
What are the prime factors of 51215290?
2, 5, 7, 127, 823
List the prime factors of 1101128713.
83, 431, 30781
What are the prime factors of 35741869?
19, 1881151
What are the prime factors of 255079919?
255079919
What are the prime factors of 116684934?
2, 3, 23, 41, 503
What are the prime factors of 22700042?
2, 11350021
What are the prime factors of 1651480055?
5, 330296011
What are the prime factors of 713305561?
22247, 32063
List the prime factors of 2999480475.
3, 5, 113, 353921
What are the prime factors of 917607764?
2, 229401941
What are the prime factors of 3127626571?
3127626571
What are the prime factors of 1013103945?
3, 5, 7, 827, 3889
What are the prime factors of 7090040571?
3, 79, 4703, 6361
List the prime factors of 408437131.
29, 211, 66749
What are the prime factors of 2479245727?
7, 353, 1003337
What are the prime factors of 45334975?
5, 7, 29, 8933
List the prime factors of 39734767.
1511, 26297
List the prime factors of 96475135.
5, 19295027
What are the prime factors of 2489258338?
2, 7, 41, 4336687
List the prime factors of 21847593.
3, 1291, 5641
What are the prime factors of 4069745507?
151, 1049, 25693
List the prime factors of 1752025532.
2, 59, 1601, 4637
List the prime factors of 148056035.
5, 1423, 20809
List the prime factors of 27297486.
2, 3, 167, 1009
List the prime factors of 570007343.
570007343
What are the prime factors of 3598201486?
2, 11, 163554613
What are the prime factors of 100821514?
2, 89, 566413
List the prime factors of 11487991.
3089, 3719
List the prime factors of 202332452.
2, 7, 7226159
List the prime factors of 468947975.
5, 17, 53, 109, 191
List the prime factors of 65516857.
7, 23, 31, 13127
What are the prime factors of 232438553?
41, 601, 9433
What are the prime factors of 2781280180?
2, 5, 7, 673, 4217
List the prime factors of 158464101.
3, 52821367
List the prime factors of 115985656.
2, 14498207
List the prime factors of 363642007.
19, 83, 293, 787
List the prime factors of 37201799.
71, 523969
What are the prime factors of 487371017?
7, 69624431
What are the prime factors of 603588432?
2, 3, 12574759
List the prime factors of 3779236.
2, 17, 149, 373
List the prime factors of 63298183.
13, 67, 72673
List the prime factors of 1764685872.
2, 3, 461, 8861
List the prime factors of 23581263.
3, 29, 47, 73, 79
What are the prime factors of 264240007?
264240007
List the prime factors of 160621525.
5, 17, 71, 5323
What are the prime factors of 365623908?
2, 3, 13, 2343743
What are the prime factors of 124381093?
124381093
List the prime factors of 47535914.
2, 983, 24179
List the prime factors of 5356707.
3, 31, 239, 241
What are the prime factors of 210990541?
541, 390001
List the prime factors of 289091961.
3, 32121329
What are the prime factors of 57043129?
11, 13, 398903
What are the prime factors of 1862096002?
2, 13, 97, 738341
List the prime factors of 214261464.
2, 3, 8927561
What are the prime factors of 3553091433?
3, 53, 2482943
List the prime factors of 48246082.
2, 29, 831829
List the prime factors of 248484776.
2, 53, 67, 8747
List the prime factors of 761216959.
139, 5476381
List the prime factors of 2221842268.
2, 17, 131, 249421
What are the prime factors of 93879493?
7487, 12539
List the prime factors of 48941807.
6949, 7043
List the prime factors of 241507128.
2, 3, 29, 67, 5179
List the prime factors of 1014216518.
2, 7, 72444037
List the prime factors of 685162392.
2, 3, 113, 252641
What are the prime factors of 112574141?
112574141
List the prime factors of 164091484.
2, 2879, 14249
What are the prime factors of 10396246?
2, 7, 71, 10459
List the prime factors of 75485279.
31, 101, 24109
List the prime factors of 724081090.
2, 5, 72408109
What are the prime factors of 667651755?
3, 5, 43, 479, 2161
List the prime factors of 82861894.
2, 223, 185789
List the prime factors of 3735166459.
593, 1117, 5639
What are the prime factors of 96234991?
47, 2047553
List the prime factors of 127248972.
2, 3, 23, 53, 8699
List the prime factors of 384147648.
2, 3, 337, 1979
What are th